, 3*n = 2*w - 438. Suppose 3*h = -4*s + w, -3*h = -s - 31 - 191. Is h composite?
True
Let l(u) = 9*u**2 - 2*u + 2. Let z be l(1). Let q = -6 + z. Suppose x = -3*x - 2*t + 3278, t + q = 0. Is x a prime number?
True
Let w = -45 - -53. Let s be (1 - -3) + -2 + w. Is (561/(-55))/((-2)/s) composite?
True
Let j be 11/((-66)/(-20))*16869. Suppose 7*f = -3*f + j. Is f a prime number?
True
Let t be (208/12)/((4/(-6))/(-1)). Suppose 0 = -2*r + t - 0. Suppose -r*d + 9*d + 17060 = 0. Is d composite?
True
Suppose 5 = 5*y, -3*y + 39 - 288 = -4*v. Suppose -60*j - 14655 = -v*j. Is j composite?
True
Is (-34154)/(36/(-16) - 15/(-60)) a prime number?
True
Let h = -21839 + 27112. Is h a composite number?
False
Let s be 2 + (-13928)/8*(1 + 1). Let t be s - (6 + (2 - 6)). Let k = t + 5951. Is k a composite number?
True
Let t be (-6)/(-12)*-4 + -4. Let z be ((-1)/(-1) - 2)/1*4. Is ((-2)/t)/(14356/3588 + z) a prime number?
False
Let m = 2234 + 723. Suppose 0 = 2*v + 131 + m. Let c = -925 - v. Is c a prime number?
True
Let y(j) = 6*j - 46. Let t be y(8). Let f(v) = 473*v - 3. Is f(t) prime?
False
Suppose 4*r + 8 = -5*s, 0*s - 3*s - 10 = 5*r. Suppose s = -y - 2*y. Suppose y = -b - 0*b + 815. Is b a composite number?
True
Suppose 4 = -2*g + 6, -2*g + 15 = -f. Let x(b) = 3*b**2 + 12*b - 17. Is x(f) a composite number?
True
Suppose w + 3506 - 23970 = 2*f, 0 = 5*w - 3*f - 102313. Suppose -2*k + 6*v = 3*v - 10237, 2*v + w = 4*k. Is k composite?
True
Suppose 3*h - 32280 = -5*v, -2*v - v + h = -19368. Suppose d - 2*l = 2151, -d - 2*d + 3*l + v = 0. Is d prime?
True
Suppose 7*v = 3*y + 9*v - 6, 2*v - 6 = 0. Suppose g - 5*b = 1036, -6*g + 9*g - b - 3178 = y. Is g composite?
False
Suppose -212039 = -34*m + 276031. Let n = -8476 + m. Is n a composite number?
False
Suppose -7 = -5*g + 3, 3*x - 5160 = -3*g. Suppose 5*n = -0*s + s + 8670, 3*s - x = -n. Is n composite?
False
Let y(l) = l**3 - 2*l. Let u be y(2). Let o be (-2)/u + 51928/16. Suppose 0 = 3*m - 8*m + o. Is m prime?
False
Is 268/(-7638) - 4407413/(-57) composite?
False
Suppose 15*x + 9469934 = 22*x + 99*x. Is x prime?
False
Let t = -329 - -341. Is (-6 + -7063)*(t/(-4))/3 a composite number?
False
Suppose -11*q + 7*q + i - 5 = 0, 5*i - 25 = 3*q. Suppose -3*a = -2*w - 6989, q = 4*a - 3*w - 11765 + 2448. Is a composite?
False
Suppose 8*y = -446 - 7546. Let p = 1039 - y. Is p prime?
False
Suppose 0*x - 14*x + 41488461 = 49*x. Is x a composite number?
False
Suppose 3*j + 3 = 0, 63345 = -2*s - 4*j + 383279. Is s a composite number?
True
Let r(w) = 27*w - 2 - 1 - 5 + 78*w**2. Is r(-6) composite?
True
Let p be (38/57)/(1 - (-116)/(-114)). Let i = 46 + p. Is 2690/i + (15/(-20))/(-1) a prime number?
True
Let l = 153955 - 89706. Is l a composite number?
True
Suppose -2*h + 69*p = 74*p - 30511, -3*h = 2*p - 45761. Is h a prime number?
False
Let x(z) = -4983*z + 1. Suppose -52*s = -43*s + 18. Is x(s) prime?
True
Is (-10)/4 + (5204367/14)/3 composite?
False
Suppose -2*q + 1 + 6 = -d, 0 = 5*q - 4*d - 19. Suppose -2*z + q + 1 = 0. Suppose 2*p + z*p = 4*c - 600, 2*c - 295 = -3*p. Is c a prime number?
True
Let p(n) = -594*n**3 - 4*n**2 - 8*n - 65. Is p(-7) a composite number?
True
Let r(n) = -3396*n - 30. Let h be r(3). Let z = -2351 - h. Is z prime?
True
Let w be (0 - -4)/(-4) - 1614. Let i = w + 2325. Let h = -231 + i. Is h composite?
False
Is (-15)/(45/(-55731)) + ((-4)/2 - -8) composite?
False
Is (127974/(-132))/((-7)/386) a prime number?
False
Let r = -357903 + 531146. Is r a composite number?
True
Let b(x) = -x**3 - 10*x**2 + 27*x + 39. Let z be b(-12). Is (z - -16492) + 0/(-5) composite?
True
Suppose -956 + 192 = -5*d + k, 4*d - 3*k = 620. Suppose z = -46 + d. Is z a composite number?
True
Suppose -4*x + 1389 + 1763 = 0. Let b be (-105)/15 - (-7)/((-7)/(-1744)). Let v = b - x. Is v prime?
False
Suppose 0 = j - 6*j + 1000. Suppose 0 = 5*h + j - 5955. Is h composite?
False
Let p(a) = 2725*a + 151. Is p(60) a composite number?
True
Let i(t) = -3*t + 2. Let c be i(5). Let m = 17 + c. Suppose -2020 = -m*l + 4*z, 0*z = 2*l - z - 1007. Is l composite?
True
Suppose 16*w - 164222 - 439202 - 31504 = 0. Is w prime?
False
Let q(l) = 79*l**2 + 106*l + 14. Is q(11) prime?
True
Let b(s) = 762*s**2 - 7*s + 1. Let l(v) be the third derivative of v**4/8 - 20*v**3/3 + 6*v**2. Let g be l(14). Is b(g) composite?
True
Suppose -3*a - 16*s + 283763 = -12*s, 5*a + 4*s - 472949 = 0. Is a a prime number?
False
Let b = 24579 - -6782. Is b a prime number?
False
Let w = -15518 + 25497. Is w prime?
False
Is (5/(25/794135))/(-11 - -12) a composite number?
True
Let v(u) = 2*u + 9. Let j(p) = 2*p + 9. Let b(y) = -4*j(y) + 5*v(y). Let o(n) = 3*n + 9. Let l(z) = -2*b(z) + 3*o(z). Is l(10) a composite number?
False
Suppose 2*y - 3*m = 7*y - 3474, -y + 704 = -4*m. Let f = y + 2147. Is f a prime number?
True
Let j = 3574557 + -1743950. Is j composite?
True
Suppose -5*q + 175431 = -1622314. Is q a prime number?
True
Let g(v) = -110*v + 3. Suppose 0 = 2*i + 4*i + 402. Let r = -76 - i. Is g(r) a prime number?
False
Suppose -n + 5*k + 64272 = 0, 128514 = 2*n - 1412*k + 1408*k. Is n prime?
False
Suppose 14642396 = 49*v - 14288625. Is v a prime number?
False
Suppose 5*g - 10*g = -5*f + 5, 3*g + 33 = -3*f. Is 9/g + ((-17266)/(-4))/1 composite?
True
Suppose 2*l + 4 = 26. Let v(y) = -y**2 + 18*y + 122. Let i be v(-5). Suppose l*f - 52 = i*f. Is f composite?
False
Let w(s) = 1134*s**3 - 10*s**2 + 23*s - 77. Is w(4) a prime number?
True
Is 30862/(4/(-4))*3/(-6) a prime number?
False
Let k(h) = 4532*h**2 - 10*h - 9. Let s be k(-1). Let q = s + -1774. Is q composite?
True
Suppose -1839351 = -120*x + 4558015 + 4012994. Is x composite?
False
Let i(n) = 871*n**3 + 4*n**2 - 261*n - 1. Is i(13) prime?
True
Let s(o) = -10282*o - 2233. Is s(-57) composite?
False
Let w(i) = 144*i**2 + 92*i - 39. Is w(21) a prime number?
False
Let g be -26 - ((-4)/4)/(-1). Let s be g/63 + 2628/7. Suppose 3*x + 2*x - 1914 = 3*j, 0 = x + 2*j - s. Is x a prime number?
False
Is (-9)/((-144)/(-410224))*(-2 + -1 - -2) prime?
True
Let q be 3 + 12/(-8) - 20/(-8). Suppose -6*n = -q*n - 7292. Suppose 5509 + n = 5*f. Is f a prime number?
True
Suppose -d + 5*v + 31 = 0, 3*v + 16 = 1. Suppose 6*g - 3*g = 483. Suppose -d*c + g = 47. Is c a composite number?
False
Let r(c) = 35*c - 6. Let w be r(6). Suppose 2*x - w = -j - 0*j, 2*j - 417 = 5*x. Suppose -j - 907 = -3*i. Is i composite?
True
Let z(f) = -f**2 - 11*f - 20. Let d be z(-3). Suppose -26105 = d*a - 9*a. Is a a composite number?
True
Let d = 24422 - -22952. Is d a composite number?
True
Let j(r) = r**2 + 13*r + 11. Let w be j(-14). Let i be ((-20)/w)/(10/(-45575)). Is 4/(-8) - i/(-4) a composite number?
False
Let k(x) = x - 2. Let o be k(2). Suppose -2*n - 9 + 3 = o. Is ((-62)/n)/((-2)/6*-1) a composite number?
True
Let h be 2 + (-1 - 5) + 5. Suppose y + h - 2 = 0. Is 1382/(((-5)/y)/(-5)) a prime number?
False
Let l(m) = 2284*m + 2333. Is l(81) a composite number?
False
Let z(q) be the second derivative of 12*q**5 + q**4/4 + 7*q**2/2 + 3*q + 26. Is z(2) prime?
False
Let o(d) = -5*d + 7*d + 14 - 36 + 2*d. Let p be o(-7). Let f = p - -1057. Is f a prime number?
False
Let q(b) = -751*b - 768*b + 347*b + 324*b - 440*b - 110. Is q(-4) a prime number?
False
Suppose 2*x - 222190 = d, -5*x - 2*d + 143539 = -411900. Is x prime?
True
Let r(p) = 5*p. Let z be r(1). Let v be z - (7 + -3) - -3. Is 194/14 + 81/(-21) + v a prime number?
False
Suppose -g + 46 = r - 0*r, 4 = r. Let z be g/(15/10*-1). Is z/35 + (-8538)/(-10) prime?
True
Suppose -170 = -14*x - 30. Is 4/x + 20040/150 prime?
False
Let w = 27 + -25. Suppose w*r - 3*c - 6890 = 0, 2*r + 3*c = -2*c + 6890. Suppose -r = -6*t - 163. Is t composite?
False
Let g = -8910 + 25441. Is g a composite number?
True
Suppose -3*b + 1279 = 3*r - 272, 3*r = -2*b + 1546. Suppose r = -4*l + 2*d + 7002, -1625 = -l - 2*d. Is l prime?
False
Suppose -288 = 16*t - 88*t. Is 15781/t + (-36)/16 a prime number?
True
Suppose 1623*d + 3919329 = 1632*d. Is d a prime number?
True
Suppose -2*y = -z, 4*z - 3*y + 1 = 11. Suppose 2*h + z*t - t - 9083 = 0, -4*h = 2*t - 18178. Is h a composite number?
True
Is (1580156/(-10))/(360/(-900)) a composite number?
False
Suppose -3*w = -6*w - 4*u + 143891, -4*w + 5*u + 191772 = 0. Is w a prime number?
False
Is (-